ed by 4344.
33
Calculate the remainder when 48199 is divided by 255.
4
What is the remainder when 30054729 is divided by 4739?
4730
Calculate the remainder when 97222815 is divided by 20.
15
Calculate the remainder when 39145968 is divided by 3973.
3972
Calculate the remainder when 206228 is divided by 67239.
4511
What is the remainder when 965534 is divided by 321802?
128
What is the remainder when 106593 is divided by 106593?
0
What is the remainder when 5894124 is divided by 3018?
2988
Calculate the remainder when 2749400 is divided by 101.
79
What is the remainder when 91066094 is divided by 45?
44
Calculate the remainder when 1192943 is divided by 839.
724
What is the remainder when 501521 is divided by 62657?
265
Calculate the remainder when 204728 is divided by 4935.
2393
Calculate the remainder when 185903 is divided by 54.
35
Calculate the remainder when 5026461 is divided by 329.
328
Calculate the remainder when 33175483 is divided by 394946.
19
What is the remainder when 308559 is divided by 7721?
7440
Calculate the remainder when 79958967 is divided by 42.
39
What is the remainder when 8056040 is divided by 260?
200
Calculate the remainder when 201450679 is divided by 9848.
9839
Calculate the remainder when 618205 is divided by 17662.
35
What is the remainder when 23243150 is divided by 540537?
59
Calculate the remainder when 2350724 is divided by 53.
15
What is the remainder when 98579 is divided by 38?
7
What is the remainder when 2585133 is divided by 1585?
1583
What is the remainder when 787924 is divided by 2338?
18
What is the remainder when 325587 is divided by 607?
235
What is the remainder when 165906 is divided by 13?
0
What is the remainder when 105473 is divided by 105396?
77
What is the remainder when 3699545 is divided by 931?
682
Calculate the remainder when 17096660 is divided by 1481.
1477
What is the remainder when 63673 is divided by 3345?
118
What is the remainder when 1464624 is divided by 209145?
609
Calculate the remainder when 126644 is divided by 202.
192
What is the remainder when 1365462 is divided by 12?
6
Calculate the remainder when 882320 is divided by 19605.
95
What is the remainder when 8186 is divided by 2559?
509
Calculate the remainder when 105258 is divided by 1371.
1062
Calculate the remainder when 28629106 is divided by 244693.
25
What is the remainder when 283636 is divided by 1051?
917
Calculate the remainder when 204464 is divided by 159.
149
What is the remainder when 33910197 is divided by 75?
72
What is the remainder when 149625 is divided by 91?
21
What is the remainder when 7031 is divided by 388?
47
What is the remainder when 4238 is divided by 2345?
1893
What is the remainder when 76722905 is divided by 9590360?
25
What is the remainder when 305101319 is divided by 61?
59
Calculate the remainder when 1113848 is divided by 229.
221
What is the remainder when 31790184 is divided by 15895087?
10
Calculate the remainder when 5217570 is divided by 118581.
6
What is the remainder when 85068 is divided by 85034?
34
Calculate the remainder when 30096 is divided by 3708.
432
Calculate the remainder when 83455 is divided by 20857.
27
Calculate the remainder when 519628 is divided by 1076.
996
What is the remainder when 27927806 is divided by 28153?
30
What is the remainder when 1552021 is divided by 33021?
34
Calculate the remainder when 407065 is divided by 2108.
221
What is the remainder when 259818 is divided by 51958?
28
Calculate the remainder when 122579 is divided by 11127.
182
What is the remainder when 3719300 is divided by 309941?
8
What is the remainder when 95786 is divided by 47739?
308
What is the remainder when 129195 is divided by 734?
11
Calculate the remainder when 338653 is divided by 626.
613
Calculate the remainder when 64754 is divided by 1274.
1054
Calculate the remainder when 2981386 is divided by 134.
20
Calculate the remainder when 9286721 is divided by 71436.
41
Calculate the remainder when 23349784 is divided by 28.
24
What is the remainder when 217596740 is divided by 137894?
8
What is the remainder when 29080396 is divided by 337?
329
Calculate the remainder when 10640593 is divided by 2128113.
28
What is the remainder when 3669073 is divided by 3060?
133
Calculate the remainder when 29811713 is divided by 22.
19
What is the remainder when 184649 is divided by 149?
38
What is the remainder when 382300064 is divided by 852?
848
Calculate the remainder when 72353881 is divided by 69.
67
What is the remainder when 25684918 is divided by 67238?
2
What is the remainder when 4421624 is divided by 2210810?
4
Calculate the remainder when 7613895 is divided by 12441.
3
What is the remainder when 62359628 is divided by 447?
446
Calculate the remainder when 90139 is divided by 8671.
3429
What is the remainder when 600152 is divided by 173?
15
What is the remainder when 2589 is divided by 5?
4
What is the remainder when 40238 is divided by 20102?
34
What is the remainder when 6267931 is divided by 45093?
4
What is the remainder when 68363 is divided by 2725?
238
Calculate the remainder when 312451 is divided by 4830.
3331
Calculate the remainder when 303923 is divided by 12660.
83
What is the remainder when 1192993 is divided by 110?
43
Calculate the remainder when 1648306 is divided by 27471.
46
What is the remainder when 170688993 is divided by 14?
13
Calculate the remainder when 31209 is divided by 6196.
229
Calculate the remainder when 384146 is divided by 212.
2
Calculate the remainder when 4282675 is divided by 19119.
19
What is the remainder when 3810302 is divided by 1905140?
22
Calculate the remainder when 667023 is divided by 1158.
15
What is the remainder when 2127915 is divided by 70929?
45
What is the remainder when 177997 is divided by 35398?
1007
Calculate the remainder when 703358 is divided by 320.
318
What is the remainder when 995807 is divided by 8992?
6687
What is the remainder when 618965 is divided by 618878?
87
What is the remainder when 957902 is divided by 957889?
13
Calculate the remainder when 3138142 is divided by 2710.
2672
What is the remainder when 440273 is divided by 439001?
1272
Calculate the remainder when 2175639 is divided by 1047.
1020
Calculate the remainder when 2968146 is divided by 12.
6
What is the remainder when 164730463 is divided by 170?
123
What is the remainder when 31100336 is divided by 727?
3
Calculate the remainder when 11602218 is divided by 21.
12
What is the remainder when 162011 is divided by 53102?
2705
What is the remainder when 134354 is divided by 134302?
52
Calculate the remainder when 9071101 is divided by 4.
1
What is the remainder when 7000 is divided by 2303?
91
What is the remainder when 122432 is divided by 1097?
665
Calculate the remainder when 48652 is divided by 24288.
76
What is the remainder when 448972 is divided by 112232?
44
Calculate the remainder when 1445599 is divided by 93.
7
What is the remainder when 71840854 is divided by 5071?
5068
Calculate the remainder when 1245558 is divided by 415185.
3
Calculate the remainder when 341613 is divided by 56843.
555
What is the remainder when 497176 is divided by 28?
8
What is the remainder when 60793639 is divided by 1733?
1732
What is the remainder when 453229935 is divided by 9837?
9834
What is the remainder when 127604378 is divided by 1813?
1812
What is the remainder when 1646508 is divided by 71556?
720
What is the remainder when 121695 is divided by 806?
795
What is the remainder when 2201521 is divided by 550373?
29
What is the remainder when 1021678 is divided by 27609?
145
Calculate the remainder when 74995 is divided by 598.
245
What is the remainder when 36983409 is divided by 739668?
9
Calculate the remainder when 246591 is divided by 18128.
10927
What is the remainder when 14540322 is divided by 22?
16
Calculate the remainder when 552895 is divided by 9371.
6
Calculate the remainder when 166567001 is divided by 16.
9
Calculate the remainder when 54557 is divided by 1547.
412
Calculate the remainder when 122488 is divided by 38333.
7489
What is the remainder when 26198404 is divided by 6?
4
What is the remainder when 3490245 is divided by 1936?
1573
What is the remainder when 139474705 is divided by 51?
7
What is the remainder when 182989